= 1 + g**2 + g**2 - 29*g + 28*g + 0*g**2. Determine j(2).
7
Let m(j) = 6*j**3 + 2*j**2 - 1. Let s = 70 - 71. What is m(s)?
-5
Let p(g) = -2*g + 1. Let a(y) = -2*y + 2. Suppose 9 = 2*s - 1. Let q(u) = s*p(u) - 6*a(u). What is q(6)?
5
Let f(c) = -11*c**3 + 8*c**2 - 17*c + 2. Let p(q) = 5*q**3 - 4*q**2 + 8*q - 1. Let n(z) = 4*f(z) + 9*p(z). Calculate n(3).
2
Let b(s) = s**3 + 5*s**2 - 4*s + 8. Suppose 1 = h + t, -h - 21 = -6*h - t. Suppose 2*k - 2 - 1 = h*j, 2*k + j + 15 = 0. Calculate b(k).
-4
Suppose -w - 1 = 2*o - 10, -w + 15 = 4*o. Let b(v) = v - w*v**2 + 2*v**3 - 2*v + v + 2 - v. Let r be b(2). Let i(k) = k**3 - 5*k**2 + 3*k - 3. Give i(r).
-7
Let v = 4 + -1. Let g(n) = -n**2 + 3*n - 2. Give g(v).
-2
Suppose 11 = j - 0*j + 5*i, 0 = -j + 4*i - 7. Let a(p) = 4*p + 1. Calculate a(j).
5
Let f(q) = -q**3 + 4*q**2 - 4*q - 1. Suppose u - 4*b = 15, -2 = -2*u + 4*b + 16. Determine f(u).
-4
Let v(l) = -8 - 2*l - 6*l + 2*l**2 - 3*l**2. Suppose 0 = 14*u - 19*u - 30. Calculate v(u).
4
Let s = 5 - 3. Let h(l) = 3 - 1 - 6*l - 1 + 2*l. Give h(s).
-7
Let p(z) = 0 + 5 + z**2 - 5*z - 3. Let v be p(5). Let u(w) = -70*w**2 - 63 + 62 + 68*w**2. What is u(v)?
-9
Let o(i) = -i**2 - 1. Let y(h) = 6*h**2. Let q(w) = 5*o(w) + y(w). Let p(b) = -b**3 + 7*b**2 + b - 7. Let v be p(7). Calculate q(v).
-5
Let n(f) be the third derivative of -f**5/30 + f**4/24 + 27*f**2. Determine n(-3).
-21
Let d be -1*(0/1 + -2). Let a(c) = c - 1. Let n be a(3). Let l(s) = -2 - 3*s**2 + s**2 + n*s + 0*s**2. Calculate l(d).
-6
Suppose -4*i + 15 + 0 = -b, 3*i - 14 = -2*b. Suppose -c = -2*q + i, 5*c + 13 + 7 = 0. Let h(t) = t**2 + 4. Determine h(q).
4
Let v(x) be the first derivative of 1 + 1/4*x**4 + 1/2*x**2 - 5*x - 4/3*x**3. What is v(4)?
-1
Let j(b) = -8 + 3*b - b + 7 - 3*b. Give j(7).
-8
Let s(z) be the second derivative of -z**5/20 - z**4/6 + z**3/3 + 3*z**2/2 + 3*z. Suppose -5*j = -3*j - 6. Let l = j - 5. Calculate s(l).
-1
Let d(g) = g**2 + 7*g + 5. Let z be d(-5). Suppose -2*s + 2 = -2. Let x(n) = -s + n**2 + 6*n - n**2 + n**2 + 1. Give x(z).
-6
Suppose 3*x + 1 = 7. Let f(a) = 3*a**2 - 10*a**x - 1 + 8*a**2. Let v be 3*(1 + 1 + -3). Calculate f(v).
8
Let c be 4/14 + (-4)/14. Let d be c + (-1 + 2 - -7). Let w = -12 + d. Let x(n) = -n**2 - 5*n - 4. Calculate x(w).
0
Suppose -y = -5*r, -3*r - 4*y - 8 = -3*y. Let j(p) = 0*p + 5 - 4 - 8*p. What is j(r)?
9
Let z = 4 - 2. Let y(s) = 6*s**z - s**2 - 2*s - 5 - 4*s**2. Give y(4).
3
Let x(s) = -s**2 - 7*s + 4. Let a be x(-8). Let h be 2/a*2 - -1. Let m(u) = -u**3 - u**2 + u - 4. Calculate m(h).
-4
Let m be (12 - 14) + 12/(3/1). Let q(k) be the first derivative of 0*k - k**m + 3 + 1/3*k**3. Give q(1).
-1
Let g(u) be the third derivative of u**4/12 - u**3/6 + 10*u**2. What is g(2)?
3
Let f be 0 + 0/(-1) + 0. Let a be -3*(-15)/18*2. Let g(c) = -a - c + 1 + f. Calculate g(5).
-9
Let w(a) = a - 5. Suppose -p + 18 = 4*y, 5*y - 19 = -4*p - 2. Let j be (-4 - p)/(-1) + 4. Let z be w(j). Let h(m) = 5*m - 1. Calculate h(z).
4
Let u(b) be the first derivative of b**3/3 + 3*b**2 + 5*b + 11. Calculate u(-4).
-3
Suppose 2*j - 2*y = -10, 0 = j - y - 3*y + 17. Let f(p) = -8*p**3 - 2*p**2 - p. What is f(j)?
7
Let o = 17 - 14. Suppose -o - 7 = -2*c. Let x(s) = 3*s + 7. Let q(j) = 2*j + 7. Let t(v) = -4*q(v) + 3*x(v). Give t(c).
-2
Let y(b) = -b**3 + 4*b**2 + 4*b + 3. Let w be y(5). Let c(i) = 3*i - 3. Let p be c(2). Let u(j) = 4 + 2*j - 5 + p. Calculate u(w).
-2
Let g = 2 + 2. Let i be g*((-7)/2)/7. Let p(y) = -y**3 - y + 1. Calculate p(i).
11
Let c(l) = l + 1. Let y = -3 - -3. Let a = 1 - y. Let o be (-12)/(-14)*(a + 6). Give c(o).
7
Let s(t) be the third derivative of -2*t**5/15 - t**3/6 + 27*t**2. Give s(-1).
-9
Let z(a) = a**2 + 3*a + 2. Let x(n) = -n + 2. Let k be x(-3). Suppose 23 = -5*d - o, 14 + 7 = -k*d - 2*o. Let h be d/5*(-1 + 4). Give z(h).
2
Let c(b) = b**3 - 3*b**2 + b - 3. Let m be (-1)/(-1) + 4/2. Suppose 2*l + 11 = r - 3, 5*l - m*r + 37 = 0. Let j be 2 + -3 + -1 - l. Give c(j).
0
Let l(o) = -3*o + 15 - 10 + 0*o - 7. Determine l(4).
-14
Suppose 3*x + 4*i = -38, 5*x + 30 = 5*i - 10. Let u be ((-12)/20)/((-2)/x). Let l(m) = m**2 + 8*m + 4. Determine l(u).
-11
Let l(m) = -m + 4. Let i(h) = 4*h**2 - 15*h - 7. Let z be i(4). Give l(z).
7
Let s(t) be the first derivative of t**3/3 + 5*t**2/2 - 2*t + 1. Let z = -9 + -9. Let v be -2*(z/(-4) - 2). Give s(v).
-2
Let s be -15 + 24 + 1 + -5. Let f(b) be the second derivative of b**4/12 - b**3/2 - 7*b**2/2 - b. Determine f(s).
3
Let o be ((-4)/(-7))/(6/42). Let h(f) = -f**2 + 3*f + 3. What is h(o)?
-1
Let a(x) be the second derivative of -x**4/6 + x**3/6 - 2*x**2 - 3*x. Let f(t) be the first derivative of a(t). Determine f(-1).
5
Let l = 5 - 4. Suppose -l = 3*g - 4*g. Let c be (2*g)/((-1)/(-2)). Let x(p) = p**3 - 5*p**2 + 4*p + 5. Calculate x(c).
5
Let a(q) be the second derivative of 5*q**3/6 + 19*q. Give a(-5).
-25
Suppose g + 1 = 4. Let u(v) = -15 + 4*v**2 + 17 + 2*v**g + 5*v - 3*v**3. Determine u(5).
2
Suppose 5*f - 6 = 2*f. Let t = 2 - f. Let p(b) = 1 + b**2 - 3*b**3 - 2*b + 0 + t. Give p(1).
-3
Let q(i) = -3*i**2 + 4 - 4*i - 6 + 4*i**2. What is q(6)?
10
Let y(c) = 0*c**3 + 2*c + c + 2*c**3 + 2*c**2 - 4. Let w(b) = 3*b**3 + 5*b**2 + 7*b - 9. Let n(i) = -3*w(i) + 5*y(i). Give n(6).
7
Let d(q) = 10*q - 4. Suppose -3*h = 2*h + 5*y - 10, -5*h = -3*y - 18. Determine d(h).
26
Let h(f) = f**3 - 2*f**2 - 4*f + 2. Let w = -4 - 0. Let k be w*2/(-4) + 11. Suppose -3*v - 4 = -k. Give h(v).
-1
Let q(n) = 4*n + 1. Let u be q(6). Suppose 3*p - 15 = -2*p. Suppose -2*g = p*g - u. Let w(i) = -i**3 + 5*i**2 - 4. What is w(g)?
-4
Let i(a) be the third derivative of a**6/120 - a**5/15 + a**4/8 + a**3/2 + a**2. Suppose -5*r + 10 + 5 = 0. Give i(r).
3
Let d(u) = -10*u + 0*u + 8*u. Let s = 5 + -10. Determine d(s).
10
Let v(h) be the third derivative of -h**5/60 + h**4/8 + h**3/3 + h**2. Suppose 3*t - 26 = -32. Calculate v(t).
-8
Let d(b) = b**3 - 5*b**2 - 1. Suppose -c - 4*f = -13, 2*c - f - 6 = f. Determine d(c).
-1
Suppose -6*u = -u - 25. Suppose u*v - v + 16 = 0. Let y(r) = -r - 4. Give y(v).
0
Let x(p) = -p**3 - 9*p**2 + 10*p. Let s be x(-10). Suppose 0 = -2*k - s + 6. Let n(u) = 3 - 1 + 3 + k*u. Give n(-4).
-7
Let v(s) = -14*s + 5. Let f(z) = -125*z + 45. Let j(i) = -4*f(i) + 35*v(i). Let t(m) = -m + 1. Let x(c) = j(c) + 5*t(c). Calculate x(-1).
-5
Let j(z) = 3*z**3 - z + 1. Suppose 7 + 25 = 4*h. Let u(a) = a**2 + 3*a - 2. Let g be u(-3). Let w be g/6 - h/(-6). Give j(w).
3
Let b(j) = j**2 + 3*j. Suppose -f = -6*f + 35. Suppose 0 = -f*r + 2*r - 35. Let q be (-132)/28 + 2/r. Give b(q).
10
Let r(s) = 2*s**2 - s - 2. Let i be r(-1). Let o(h) = -6*h. Determine o(i).
-6
Let o(l) = l**3 - 2*l**2 - l - 1. Let z = 54 - 51. Give o(z).
5
Suppose 0*l + l = -2*w + 11, 0 = -3*l + 3*w - 12. Let n(f) = f**3 - f**2 + f - 1. Calculate n(l).
0
Let f(a) = -a**2 + 4*a - 4. Let x(k) = k**2 + k + 1. Let y be x(-2). Give f(y).
-1
Let x(y) = y**2 - 8*y - 10. Let m(p) = -p**2 - 6*p. Let v be m(-3). Calculate x(v).
-1
Let y = 39 + -38. Let p(q) = 18*q**3 + 3*q**2 + 7*q + 4. Let x(t) = -t**3 - t**2 - t - 1. Let i(a) = -p(a) - 5*x(a). Give i(y).
-12
Let b(h) = h**3 - 5*h**2 - 3*h + 6. Suppose -8 = n + 4. Let l be (-10)/6 - 8/n. Let q be 0/2 - (l + -4). Give b(q).
-9
Let l(o) = o**2 + 4 + o**2 - 3 - 6*o**2. Calculate l(-1).
-3
Suppose -r = 2*r - 6. Let i(n) = n**3 + n**2 + 3*n - 6. Let k = 7 - 4. Let h(z) = 2*z**3 + z**2 + 6*z - 11. Let x(v) = k*h(v) - 5*i(v). Calculate x(r).
3
Let d(b) = b**3 + 5*b**2 + 7*b + 5. Let y be -18*(4 - 3)/(-3). Suppose 2*m - 2 = -2*h - 12, -2*m + 2*h - y = 0. Calculate d(m).
-7
Let n = 1 + 1. Let w(l) be the second derivative of l**4/6 + l**3/6 - l**2/2 + l. Calculate w(n).
9
Suppose -4*l + 20 + 0 = -3*g, -3*g = 2*l - 10. Let a(r) be the second derivative of r + g - 1/6*r**3 + 3/2*r**2. Determine a(4).
-1
Suppose o = -3*o + 8. Suppose 14 = 3*f + o. Suppose -k = f*r - 7, -5*r + 0*r + k = -2. Let t(c) = 4*c - 1. Determine t(r).
3
Let m(a) be the second derivative of -a**5/20 - a**4/3 - a**3/3 - 3*a**2 + 2*a. Give m(-4).
2
Let t(q) = 7*q**3 + 5*q**2 + q - 2. Let f(j) = 3*j**3 + 16*j**2 - 5 - 5*j**2 + 12*j**3 + 2*j. Let r(n) = -6*f(n) + 13*t(n). Let p = -3 - -3. Determine r(p).
4
Suppose 3 = 3*i - 9. Suppose i*y + x + 2 = 0